5*h**3 + 998*h**2 + 395*h + 1063. Give t(200).
63
Let z(f) = -f**3 - 27*f**2 - 7304*f - 189218. Give z(-26).
10
Let p(d) = -d**2 + 2462*d - 204334. Determine p(86).
2
Let w(g) = -106957*g - 47168035. Calculate w(-441).
2
Let c(r) = -5*r**3 - 6*r**2 - 29*r - 6. Determine c(-3).
162
Let k(j) = 5136*j - 35878. What is k(7)?
74
Let h(o) = o**3 - 57*o**2 + 345*o + 735. What is h(50)?
485
Let r(t) = t**3 - 206*t**2 + 2457*t + 10037. What is r(193)?
1
Let d(v) = -231*v + 42083. Give d(182).
41
Let t(h) = -63440*h + 444084. Determine t(7).
4
Let w(o) = -o**3 + 290*o**2 - 109*o + 31797. Determine w(290).
187
Let x(f) = f**2 + 8291*f - 2952475. Give x(342).
11
Let h(g) = 4*g**2 + 3176*g + 240869. What is h(-709)?
-191
Let w(x) = 3365*x + 171651. Give w(-51).
36
Let y(k) = -k**3 - 22*k**2 + 6*k - 484. What is y(0)?
-484
Let y(t) = 474*t - 1257. Determine y(4).
639
Let y(g) = 9*g**3 - 1268*g**2 - 73*g - 9580. Calculate y(141).
8
Let h(x) = -61*x - 445. Determine h(8).
-933
Let u(t) = -469*t - 1944. Calculate u(-6).
870
Let r(h) = 798*h**3 + 795*h**2 + 34*h + 33. Give r(-1).
-4
Let s(q) = 43*q**2 - 2750*q - 115. Give s(64).
13
Let a(u) = -u**3 + 233*u**2 + 901*u + 11247. Determine a(237).
108
Let x(r) = r**2 + 638*r + 12231. What is x(-20)?
-129
Let v(m) = m**3 + 41*m**2 - 1400*m - 2. Give v(22).
-310
Let q(t) = 2*t**2 + 2668*t + 267055. Calculate q(-109).
5
Let o(x) = x**3 - 420*x**2 + 1288*x - 364096. Give o(419).
15
Let f(a) = -471*a + 6004. Determine f(13).
-119
Let h(w) = -3*w**3 + 20*w**2 + 66*w + 69. Give h(9).
96
Let g(i) = -3*i**2 + 177*i - 1603. What is g(49)?
-133
Let q(i) = 278*i - 4145. Calculate q(11).
-1087
Let u(o) = 819*o + 24047. Give u(-31).
-1342
Let m(o) = 2205*o - 61470. Give m(28).
270
Let v(i) = -1034*i - 12544. Give v(-12).
-136
Let p(u) = -3*u**3 + 54*u**2 - 45*u - 1951. Give p(13).
-1
Let g(w) = 14*w**2 - 3361*w + 16784. Calculate g(5).
329
Let l(k) = 498150*k - 4981523. Calculate l(10).
-23
Let k(q) = q**2 + 249*q + 10332. Determine k(-52).
88
Let f(w) = -7*w**3 + 1547*w**2 + 31922*w - 494. Determine f(240).
-14
Let n(z) = -z**2 + 14356*z + 100533. Give n(-7).
-8
Let g(n) = n**3 - 17*n**2 + 503*n - 9554. Calculate g(18).
-176
Let l(g) = -g**3 + 322*g**2 - 1050*g + 29670. Calculate l(319).
3
Let d(z) = -710072*z + 4970513. Calculate d(7).
9
Let a(y) = y**3 - 58*y**2 - 662*y - 500. Calculate a(-9).
31
Let a(k) = -k**2 - 9*k + 54029. Determine a(-237).
-7
Let z(n) = 7*n**3 + 37*n**2 + 53*n + 18. Calculate z(-1).
-5
Let c(p) = 756648*p + 2269938. What is c(-3)?
-6
Let n(a) = a**3 - 54*a**2 + 312*a - 10829. What is n(52)?
-13
Let d(o) = o**2 - 1505*o - 32260. Give d(-21).
-214
Let b(s) = 2*s**2 - 32*s - 456837. Determine b(486).
3
Let u(h) = -7*h**2 + 1080*h - 1924. Calculate u(153).
-547
Let o(a) = -91*a**2 - 4151*a - 2570. What is o(-45)?
-50
Let p(q) = 1336*q + 279241. What is p(-209)?
17
Let r(d) = 4573*d - 32876. What is r(7)?
-865
Let t(o) = -544*o**2 - 10853*o - 35. Give t(-20).
-575
Let x(c) = 70092*c + 911140. Give x(-13).
-56
Let j(z) = -5495*z - 93436. What is j(-17)?
-21
Let l(u) = -32786*u**2 - 327856*u + 23. What is l(-10)?
-17
Let s(q) = -117*q**2 - 1168*q - 16. Give s(-10).
-36
Let c(p) = -p**3 - 65*p**2 + 1021*p + 536. What is c(-78)?
-10
Let r(h) = -2957*h - 100496. Give r(-34).
42
Let m(g) = -4*g**3 + 10*g**2 - 2164*g - 2163. What is m(-1)?
15
Let h(w) = -w**3 - 16*w**2 - 67*w + 120. What is h(-12)?
348
Let k(i) = 2*i**2 + 54690*i + 874525. Calculate k(-16).
-3
Let n(r) = -r**3 - 62*r**2 - 386*r + 1414. Give n(-55).
1469
Let a(r) = 5155*r + 15500. What is a(-3)?
35
Let p(x) = -1355*x + 134141. Determine p(99).
-4
Let c(f) = f**2 - 1333*f + 67827. Determine c(53).
-13
Let p(m) = -27114*m + 28579. Give p(1).
1465
Let w(r) = -374*r - 37049. Give w(-99).
-23
Let t(y) = 458*y + 124094. Determine t(-271).
-24
Let n(k) = k**3 - 316*k**2 + 501*k + 39883. What is n(314)?
5
Let i(p) = 2094*p - 14358. What is i(7)?
300
Let o(i) = i**3 + 38*i**2 - 98*i - 3411. Determine o(-38).
313
Let x(f) = -4*f**3 - 34*f**2 - 82*f - 42. Give x(-6).
90
Let j(x) = 8*x**3 - 83*x**2 - 19*x + 212. Give j(10).
-278
Let d(n) = -n**3 - 666*n**2 - 19630*n + 1661. Determine d(-31).
-44
Let z(v) = 5*v**3 + 16*v**2 + 19*v + 73. What is z(-4)?
-67
Let d(q) = 4152836*q - 4152837. Determine d(1).
-1
Let x(w) = w**3 - 13*w**2 - 294*w + 4345. Give x(14).
425
Let f(b) = -401*b + 506. Determine f(-3).
1709
Let c(f) = 12475*f + 96543. Give c(-8).
-3257
Let h(u) = -345*u**2 - 22078*u + 144. Calculate h(-64).
16
Let a(o) = 404*o**3 + 3*o**2 + 263*o - 263. Give a(1).
407
Let z(o) = 604*o - 51948. Calculate z(86).
-4
Let x(w) = w**3 + 33*w**2 - 3*w - 343. Give x(-34).
-1397
Let y(g) = 1645*g + 1346. What is y(-1)?
-299
Let m(p) = -55433*p + 13525659. Give m(244).
7
Let y(o) = -o**2 - 243*o - 507. Determine y(-2).
-25
Let h(d) = -288238*d - 6341253. Determine h(-22).
-17
Let q(c) = -c**3 + 6*c**2 - 49*c + 395. What is q(8)?
-125
Let o(f) = 6600*f - 310235. Give o(47).
-35
Let s(y) = -21*y - 1122. Determine s(-38).
-324
Let c(v) = 4*v**3 + 2*v**2 - v - 9. Give c(-2).
-31
Let b(n) = 30*n + 127. What is b(-6)?
-53
Let s(j) = -194*j - 2012. Give s(-15).
898
Let w(f) = 24260*f - 436674. Give w(18).
6
Let g(u) = u**3 - 34*u**2 + 72*u - 738. Calculate g(32).
-482
Let b(y) = y**2 - 2984*y + 206830. Calculate b(71).
7
Let g(n) = n**3 - 14*n**2 + 1317*n - 19681. Give g(15).
299
Let r(m) = 14*m**2 - 7359*m + 179494. Determine r(500).
-6
Let y(a) = a**3 - 225*a**2 + 624*a + 9464. Determine y(222).
140
Let b(y) = -y**2 - 246*y + 3111. Calculate b(12).
15
Let s(y) = 6*y**3 + 163*y**2 + 51*y + 625. What is s(-27)?
-23
Let v(r) = r**3 - 4*r**2 + 2507*r + 25. Give v(0).
25
Let x(n) = n**3 + 43*n**2 - 189*n - 148. Give x(-47).
-101
Let v(l) = l**2 + 59*l - 1957. Calculate v(-43).
-2645
Let j(v) = 13*v**2 + 3198*v - 50862. Calculate j(-261).
33
Let y(n) = 112*n**2 - 426*n + 52. Give y(4).
140
Let g(t) = 31*t + 4724. Calculate g(-147).
167
Let s(b) = b**3 - 153*b**2 + 4111*b + 2247. Determine s(118).
5
Let k(z) = z**3 - 22*z**2 - 680*z + 3833. Calculate k(5).
8
Let x(c) = 22467*c + 1258237. Calculate x(-56).
85
Let g(x) = -47622*x + 3143064. Determine g(66).
12
Let j(t) = -21*t**3 - 1993*t**2 + 191*t - 158. Determine j(-95).
-253
Let d(v) = -761*v + 2419. Determine d(2).
897
Let p(g) = -9709*g - 47975. Calculate p(-5).
570
Let u(i) = i**2 - 104*i - 37931. Calculate u(-147).
-1034
Let r(o) = -14*o**2 + 956*o - 1916. Determine r(2).
-60
Let m(f) = -f**2 + 775*f + 4715. What is m(-6)?
29
Let y(j) = 262*j**2 + 58156*j - 1768. Give y(-222).
8
Let o(d) = 4487*d**2 + 40365*d - 163. Give o(-9).
-1
Let d(z) = 1475734*z + 26563214. Give d(-18).
2
Let r(u) = 32*u**2 - 9674*u + 3019. Calculate r(302).
-1
Let y(k) = -20*k**3 + k**2 + 121*k + 501. Give y(-5).
2421
Let s(a) = -2*a**3 + 78*a**2 - 745*a + 38. Determine s(17).
89
Let k(m) = 3*m**3 - 4*m**2 - 99*m - 989. Give k(9).
-17
Let k(n) = 578*n + 231691. What is k(-401)?
-87
Let w(u) = u**3 + 92*u**2 + 1163*u + 1136. What is w(-14)?
142
Let g(d) = -2*d**2 + 5461*d - 21874. What is g(4)?
-62
Let t(g) = -8900*g + 23. Determine t(0).
23
Let w(r) = -4279*r - 101. Calculate w(0).
-101
Let v(g) = g**3 + 10*g**2 + 1125*g + 11218. Determine v(-10).
-32
Let m(k) = 43*k**2 + 3727*k - 1222. Give m(-87).
-4
Let d(b) = -393*b - 10934. Give d(-28).
70
Let x(a) = -1473*a + 139924. Give x(95).
-11
Let j(i) = i**2 + 37*i - 1115. Give j(17).
-197
Let c(i) = 26*i**2 - 1911*i + 17274. Give c(63).
75
Let g(f) = -2*f**2 - 456*f + 6246. Determine g(13).
-20
Let n(d) = 31653*d - 5064483. Calculate n(160).
-3
Let q(m) = 5*m**2 - 2967*m - 30174. Determine q(-10).
-4
Let f(v) = -5*v**3 + 69*v**2 + 6*v - 128. What is f(14)?
-240
Let d(q) = -107*q**3 + 9*q**2 + 46*q - 128. Give d(2).
-856
Let f(u) = -2235*u + 1566729. Determine f(701).
-6
Let v(y) = -4*y**2 - 1642*y - 4069. Calculate v(-408).
11
Let s(x) = 6*x**3 - 853*x**2 + 21238*x - 879. Determine s(110).
1
Let p(t) = -7603*t - 22786. Determine p(-3).
23
Let n(a) = -3*a**3 + 14*a**2 - 27*a + 56. What is n(6)?
-250
Let h(u) = 4210*u - 180586. Determine h(43).
444
Let w(p) = p**2 - 7141*p + 227848. What is w(32)?
360
Let k(w) = -w**3 - 23*w**2 + 534*w - 214. What is k(14)?
10
Let d(g) = 249*g**2 + 84908*g - 245. Deter